{"id":696,"date":"2017-06-21T20:59:11","date_gmt":"2017-06-21T18:59:11","guid":{"rendered":"http:\/\/stomatoloska-poliklinika-dr-knezevic.hr\/wordpress\/?page_id=696"},"modified":"2018-05-25T14:56:56","modified_gmt":"2018-05-25T12:56:56","slug":"parodontologija","status":"publish","type":"page","link":"https:\/\/stomatoloska-poliklinika-dr-knezevic.hr\/wordpress\/usluge-poliklinike-knezevic-dubrovnik\/parodontologija\/","title":{"rendered":"Parodontologija"},"content":{"rendered":"<div class=\"wpb-content-wrapper\"><p>[vc_row css=&#8221;.vc_custom_1498071757055{margin-top: 20px !important;margin-bottom: 20px !important;padding-top: 20px !important;padding-bottom: 20px !important;background-color: #ffffff !important;}&#8221;][vc_column]<div class=\"columns_wrap sc_columns columns_nofluid sc_columns_count_2\"><div class=\"column-1_2 sc_column_item sc_column_item_1 sc_columns_is_hover_no odd first\">[vc_column_text css=&#8221;.vc_custom_1527252924032{margin-top: 0px !important;border-top-width: 0px !important;padding-top: 0px !important;padding-bottom: 10px !important;}&#8221;]<\/p>\n<h2><strong>Parodontologija<\/strong><\/h2>\n<p>[\/vc_column_text][vc_column_text]<\/p>\n<h3><span style=\"font-size: 16px;\">Zdravlje usne \u0161upljine i zubi zapo\u010dinje redovitim odr\u017eavanjem oralne higijene \u010dime se umanjuje rizik nastanka karijesa, ali i nastanka parodontnih bolesti (bolesti potpornih struktura zuba \u0161to uklju\u010duje zubno meso, kost i parodontna vlakna) \u2013 gingivitis i parodontitis.\u00a0Zbog toga nagla\u0161avamo va\u017enost redovitih kontrolnih pregleda kod stomatologa u ritmu od dva do \u010detri puta godi\u0161nje ovisno o potrebi.<\/span><\/h3>\n<p>[\/vc_column_text]<\/div><div class=\"column-1_2 sc_column_item sc_column_item_2 sc_columns_is_hover_no even\"><figure class=\"sc_image  sc_image_shape_square\"><img decoding=\"async\" src=\"https:\/\/stomatoloska-poliklinika-dr-knezevic.hr\/wordpress\/wp-content\/uploads\/2017\/06\/paradontologija-stomatolog-dubrovnik-e1498071873126.jpg\" alt=\"\" \/><\/figure><\/div><\/div>[\/vc_column][\/vc_row][vc_row css=&#8221;.vc_custom_1498071548402{padding-top: 30px !important;padding-bottom: 30px !important;background-color: #ffffff !important;}&#8221;][vc_column][vc_column_text]Na kontrolama se obavlja <strong>profesionalno \u010di\u0161\u0107enje<\/strong> mekih i tvrdih zubnih naslaga (zubnog kamenca) <strong>sa ultrazvu\u010dnim ure\u0111ajima,<\/strong> te<strong> pjeskarenje<\/strong> radi dodatnog uklanjanja pigmentacija na zubima.<\/p>\n<p>&nbsp;<\/p>\n<p>Parodontolo\u0161ki tretman mo\u017ee biti samo konzervativan, ali i kirur\u0161ki ako konzervativna terapija ne uspije dovesti do potpunog ozdravljenja potpornog tkiva zuba.<\/p>\n<p>&nbsp;<\/p>\n<p>U konzervativnu metodu osim uputa u oralnu higijenu i \u010di\u0161\u0107enja zubnog kamenca i poliranja zubi, uklju\u010dujemo i <strong>kireta\u017eu<\/strong>, odnosno \u010di\u0161\u0107enje povr\u0161ine korijena zuba ispod zubnog mesa i uklanjanje plaka, kamenca i naslaga iz parodontnih d\u017eepova.[\/vc_column_text][\/vc_column][\/vc_row]<\/p>\n<\/div>","protected":false},"excerpt":{"rendered":"<p>[vc_row css=&#8221;.vc_custom_1498071757055{margin-top: 20px !important;margin-bottom: 20px !important;padding-top: 20px !important;padding-bottom: 20px !important;background-color: #ffffff !important;}&#8221;][vc_column][\/vc_column][\/vc_row][vc_row css=&#8221;.vc_custom_1498071548402{padding-top: 30px !important;padding-bottom: 30px !important;background-color: #ffffff !important;}&#8221;][vc_column][vc_column_text]Na kontrolama se obavlja profesionalno \u010di\u0161\u0107enje mekih i tvrdih zubnih naslaga (zubnog kamenca) sa ultrazvu\u010dnim ure\u0111ajima, te pjeskarenje radi dodatnog uklanjanja pigmentacija na zubima. &nbsp; Parodontolo\u0161ki tretman mo\u017ee biti samo konzervativan, ali i kirur\u0161ki ako konzervativna terapija [&hellip;]<\/p>\n","protected":false},"author":1,"featured_media":0,"parent":653,"menu_order":0,"comment_status":"closed","ping_status":"closed","template":"","meta":{"footnotes":""},"class_list":["post-696","page","type-page","status-publish","hentry"],"yoast_head":"<!-- This site is optimized with the Yoast SEO plugin v27.5 - https:\/\/yoast.com\/product\/yoast-seo-wordpress\/ -->\n<title>Parodontologija - Poliklinika Kne\u017eevi\u0107 - Dubrovnik<\/title>\n<meta name=\"description\" content=\"Parodontologija podrazumijeva redovite kontrolne preglede kod stomatologa u ritmu od dva do \u010detri puta godi\u0161nje ovisno o potrebi.\" \/>\n<meta name=\"robots\" content=\"index, follow, max-snippet:-1, max-image-preview:large, max-video-preview:-1\" \/>\n<link rel=\"canonical\" href=\"https:\/\/stomatoloska-poliklinika-dr-knezevic.hr\/wordpress\/usluge-poliklinike-knezevic-dubrovnik\/parodontologija\/\" \/>\n<meta property=\"og:locale\" content=\"hr_HR\" \/>\n<meta property=\"og:type\" content=\"article\" \/>\n<meta property=\"og:title\" content=\"Parodontologija - Poliklinika Kne\u017eevi\u0107 - Dubrovnik\" \/>\n<meta property=\"og:description\" content=\"Parodontologija podrazumijeva redovite kontrolne preglede kod stomatologa u ritmu od dva do \u010detri puta godi\u0161nje ovisno o potrebi.\" \/>\n<meta property=\"og:url\" content=\"https:\/\/stomatoloska-poliklinika-dr-knezevic.hr\/wordpress\/usluge-poliklinike-knezevic-dubrovnik\/parodontologija\/\" \/>\n<meta property=\"og:site_name\" content=\"Poliklinika Kne\u017eevi\u0107 - Dubrovnik\" \/>\n<meta property=\"article:modified_time\" content=\"2018-05-25T12:56:56+00:00\" \/>\n<meta name=\"twitter:card\" content=\"summary_large_image\" \/>\n<meta name=\"twitter:label1\" content=\"Procijenjeno vrijeme \u010ditanja\" \/>\n\t<meta name=\"twitter:data1\" content=\"1 minuta\" \/>\n<script type=\"application\/ld+json\" class=\"yoast-schema-graph\">{\"@context\":\"https:\\\/\\\/schema.org\",\"@graph\":[{\"@type\":\"WebPage\",\"@id\":\"https:\\\/\\\/stomatoloska-poliklinika-dr-knezevic.hr\\\/wordpress\\\/usluge-poliklinike-knezevic-dubrovnik\\\/parodontologija\\\/\",\"url\":\"https:\\\/\\\/stomatoloska-poliklinika-dr-knezevic.hr\\\/wordpress\\\/usluge-poliklinike-knezevic-dubrovnik\\\/parodontologija\\\/\",\"name\":\"Parodontologija - Poliklinika Kne\u017eevi\u0107 - Dubrovnik\",\"isPartOf\":{\"@id\":\"https:\\\/\\\/stomatoloska-poliklinika-dr-knezevic.hr\\\/wordpress\\\/#website\"},\"datePublished\":\"2017-06-21T18:59:11+00:00\",\"dateModified\":\"2018-05-25T12:56:56+00:00\",\"description\":\"Parodontologija podrazumijeva redovite kontrolne preglede kod stomatologa u ritmu od dva do \u010detri puta godi\u0161nje ovisno o potrebi.\",\"breadcrumb\":{\"@id\":\"https:\\\/\\\/stomatoloska-poliklinika-dr-knezevic.hr\\\/wordpress\\\/usluge-poliklinike-knezevic-dubrovnik\\\/parodontologija\\\/#breadcrumb\"},\"inLanguage\":\"hr\",\"potentialAction\":[{\"@type\":\"ReadAction\",\"target\":[\"https:\\\/\\\/stomatoloska-poliklinika-dr-knezevic.hr\\\/wordpress\\\/usluge-poliklinike-knezevic-dubrovnik\\\/parodontologija\\\/\"]}]},{\"@type\":\"BreadcrumbList\",\"@id\":\"https:\\\/\\\/stomatoloska-poliklinika-dr-knezevic.hr\\\/wordpress\\\/usluge-poliklinike-knezevic-dubrovnik\\\/parodontologija\\\/#breadcrumb\",\"itemListElement\":[{\"@type\":\"ListItem\",\"position\":1,\"name\":\"Home\",\"item\":\"https:\\\/\\\/stomatoloska-poliklinika-dr-knezevic.hr\\\/wordpress\\\/\"},{\"@type\":\"ListItem\",\"position\":2,\"name\":\"Stomatolo\u0161ke usluge\",\"item\":\"https:\\\/\\\/stomatoloska-poliklinika-dr-knezevic.hr\\\/wordpress\\\/usluge-poliklinike-knezevic-dubrovnik\\\/\"},{\"@type\":\"ListItem\",\"position\":3,\"name\":\"Parodontologija\"}]},{\"@type\":\"WebSite\",\"@id\":\"https:\\\/\\\/stomatoloska-poliklinika-dr-knezevic.hr\\\/wordpress\\\/#website\",\"url\":\"https:\\\/\\\/stomatoloska-poliklinika-dr-knezevic.hr\\\/wordpress\\\/\",\"name\":\"Poliklinika Kne\u017eevi\u0107 - Dubrovnik\",\"description\":\"\",\"potentialAction\":[{\"@type\":\"SearchAction\",\"target\":{\"@type\":\"EntryPoint\",\"urlTemplate\":\"https:\\\/\\\/stomatoloska-poliklinika-dr-knezevic.hr\\\/wordpress\\\/?s={search_term_string}\"},\"query-input\":{\"@type\":\"PropertyValueSpecification\",\"valueRequired\":true,\"valueName\":\"search_term_string\"}}],\"inLanguage\":\"hr\"}]}<\/script>\n<!-- \/ Yoast SEO plugin. -->","yoast_head_json":{"title":"Parodontologija - Poliklinika Kne\u017eevi\u0107 - Dubrovnik","description":"Parodontologija podrazumijeva redovite kontrolne preglede kod stomatologa u ritmu od dva do \u010detri puta godi\u0161nje ovisno o potrebi.","robots":{"index":"index","follow":"follow","max-snippet":"max-snippet:-1","max-image-preview":"max-image-preview:large","max-video-preview":"max-video-preview:-1"},"canonical":"https:\/\/stomatoloska-poliklinika-dr-knezevic.hr\/wordpress\/usluge-poliklinike-knezevic-dubrovnik\/parodontologija\/","og_locale":"hr_HR","og_type":"article","og_title":"Parodontologija - Poliklinika Kne\u017eevi\u0107 - Dubrovnik","og_description":"Parodontologija podrazumijeva redovite kontrolne preglede kod stomatologa u ritmu od dva do \u010detri puta godi\u0161nje ovisno o potrebi.","og_url":"https:\/\/stomatoloska-poliklinika-dr-knezevic.hr\/wordpress\/usluge-poliklinike-knezevic-dubrovnik\/parodontologija\/","og_site_name":"Poliklinika Kne\u017eevi\u0107 - Dubrovnik","article_modified_time":"2018-05-25T12:56:56+00:00","twitter_card":"summary_large_image","twitter_misc":{"Procijenjeno vrijeme \u010ditanja":"1 minuta"},"schema":{"@context":"https:\/\/schema.org","@graph":[{"@type":"WebPage","@id":"https:\/\/stomatoloska-poliklinika-dr-knezevic.hr\/wordpress\/usluge-poliklinike-knezevic-dubrovnik\/parodontologija\/","url":"https:\/\/stomatoloska-poliklinika-dr-knezevic.hr\/wordpress\/usluge-poliklinike-knezevic-dubrovnik\/parodontologija\/","name":"Parodontologija - Poliklinika Kne\u017eevi\u0107 - Dubrovnik","isPartOf":{"@id":"https:\/\/stomatoloska-poliklinika-dr-knezevic.hr\/wordpress\/#website"},"datePublished":"2017-06-21T18:59:11+00:00","dateModified":"2018-05-25T12:56:56+00:00","description":"Parodontologija podrazumijeva redovite kontrolne preglede kod stomatologa u ritmu od dva do \u010detri puta godi\u0161nje ovisno o potrebi.","breadcrumb":{"@id":"https:\/\/stomatoloska-poliklinika-dr-knezevic.hr\/wordpress\/usluge-poliklinike-knezevic-dubrovnik\/parodontologija\/#breadcrumb"},"inLanguage":"hr","potentialAction":[{"@type":"ReadAction","target":["https:\/\/stomatoloska-poliklinika-dr-knezevic.hr\/wordpress\/usluge-poliklinike-knezevic-dubrovnik\/parodontologija\/"]}]},{"@type":"BreadcrumbList","@id":"https:\/\/stomatoloska-poliklinika-dr-knezevic.hr\/wordpress\/usluge-poliklinike-knezevic-dubrovnik\/parodontologija\/#breadcrumb","itemListElement":[{"@type":"ListItem","position":1,"name":"Home","item":"https:\/\/stomatoloska-poliklinika-dr-knezevic.hr\/wordpress\/"},{"@type":"ListItem","position":2,"name":"Stomatolo\u0161ke usluge","item":"https:\/\/stomatoloska-poliklinika-dr-knezevic.hr\/wordpress\/usluge-poliklinike-knezevic-dubrovnik\/"},{"@type":"ListItem","position":3,"name":"Parodontologija"}]},{"@type":"WebSite","@id":"https:\/\/stomatoloska-poliklinika-dr-knezevic.hr\/wordpress\/#website","url":"https:\/\/stomatoloska-poliklinika-dr-knezevic.hr\/wordpress\/","name":"Poliklinika Kne\u017eevi\u0107 - Dubrovnik","description":"","potentialAction":[{"@type":"SearchAction","target":{"@type":"EntryPoint","urlTemplate":"https:\/\/stomatoloska-poliklinika-dr-knezevic.hr\/wordpress\/?s={search_term_string}"},"query-input":{"@type":"PropertyValueSpecification","valueRequired":true,"valueName":"search_term_string"}}],"inLanguage":"hr"}]}},"_links":{"self":[{"href":"https:\/\/stomatoloska-poliklinika-dr-knezevic.hr\/wordpress\/wp-json\/wp\/v2\/pages\/696","targetHints":{"allow":["GET"]}}],"collection":[{"href":"https:\/\/stomatoloska-poliklinika-dr-knezevic.hr\/wordpress\/wp-json\/wp\/v2\/pages"}],"about":[{"href":"https:\/\/stomatoloska-poliklinika-dr-knezevic.hr\/wordpress\/wp-json\/wp\/v2\/types\/page"}],"author":[{"embeddable":true,"href":"https:\/\/stomatoloska-poliklinika-dr-knezevic.hr\/wordpress\/wp-json\/wp\/v2\/users\/1"}],"replies":[{"embeddable":true,"href":"https:\/\/stomatoloska-poliklinika-dr-knezevic.hr\/wordpress\/wp-json\/wp\/v2\/comments?post=696"}],"version-history":[{"count":5,"href":"https:\/\/stomatoloska-poliklinika-dr-knezevic.hr\/wordpress\/wp-json\/wp\/v2\/pages\/696\/revisions"}],"predecessor-version":[{"id":837,"href":"https:\/\/stomatoloska-poliklinika-dr-knezevic.hr\/wordpress\/wp-json\/wp\/v2\/pages\/696\/revisions\/837"}],"up":[{"embeddable":true,"href":"https:\/\/stomatoloska-poliklinika-dr-knezevic.hr\/wordpress\/wp-json\/wp\/v2\/pages\/653"}],"wp:attachment":[{"href":"https:\/\/stomatoloska-poliklinika-dr-knezevic.hr\/wordpress\/wp-json\/wp\/v2\/media?parent=696"}],"curies":[{"name":"wp","href":"https:\/\/api.w.org\/{rel}","templated":true}]}}