{"id":722,"date":"2017-06-21T21:30:11","date_gmt":"2017-06-21T19:30:11","guid":{"rendered":"http:\/\/stomatoloska-poliklinika-dr-knezevic.hr\/wordpress\/?page_id=722"},"modified":"2018-03-29T13:44:42","modified_gmt":"2018-03-29T11:44:42","slug":"dentalna-implantologija","status":"publish","type":"page","link":"https:\/\/stomatoloska-poliklinika-dr-knezevic.hr\/wordpress\/usluge-poliklinike-knezevic-dubrovnik\/dentalna-implantologija\/","title":{"rendered":"Dentalna implantologija"},"content":{"rendered":"<div class=\"wpb-content-wrapper\"><p>[vc_row css=&#8221;.vc_custom_1498071757055{margin-top: 20px !important;margin-bottom: 20px !important;padding-top: 20px !important;padding-bottom: 20px !important;background-color: #ffffff !important;}&#8221;][vc_column]<div class=\"columns_wrap sc_columns columns_nofluid sc_columns_count_2\"><div class=\"column-1_2 sc_column_item sc_column_item_1 sc_columns_is_hover_no odd first\">[vc_column_text css=&#8221;.vc_custom_1522324006796{padding-bottom: 10px !important;}&#8221;]<\/p>\n<h2><strong>Dentalna implantologija<\/strong><\/h2>\n<p>[\/vc_column_text][vc_column_text]<\/p>\n<h3><strong style=\"font-size: 16px;\">Implantati <\/strong><span style=\"font-size: 16px;\">su danas neizostavni dio stomatologije, oni su nadomjesci korijena zuba koji nedostaje, a izra\u0111uju se od titana. Njihove prednosti su \u0161to za nadoknadu zubi nije potrebno brusiti susjedne zube, \u0161to je osobito zgodno kod nedostatka jednoga zuba u odre\u0111enom segmentu zubnoga luka.\u00a0Na ugra\u0111ene implantate se postavlja odgovaraju\u0107i protetski nadomjestak ovisno o slu\u010daju tj. broju zuba koji nedostaju (krunica,most ili proteza), osiguravaju\u0107i stabilnost istih i omogu\u0107avaju\u0107i pacijentu normalnu funkciju i izgled prirodnih zuba.<\/span><\/h3>\n<p>[\/vc_column_text]<\/div><div class=\"column-1_2 sc_column_item sc_column_item_2 sc_columns_is_hover_no even\"><figure class=\"sc_image  sc_image_shape_square\"><img decoding=\"async\" src=\"https:\/\/stomatoloska-poliklinika-dr-knezevic.hr\/wordpress\/wp-content\/uploads\/2017\/06\/dentalna-implantologija-zubar-dubrovnik-e1498073640310.jpg\" alt=\"\" \/><\/figure><\/div><\/div>[\/vc_column][\/vc_row][vc_row css=&#8221;.vc_custom_1498071548402{padding-top: 30px !important;padding-bottom: 30px !important;background-color: #ffffff !important;}&#8221;][vc_column][vc_column_text]U suradnji sa specijalistima oralne kirurgije i implantologije izvodimo i slijede\u0107e zahvate:<\/p>\n<p>&nbsp;<\/p>\n<ul>\n<li>komplicirana va\u0111enja zubi<\/li>\n<li>apikotomija ili resekcija korijena zuba<\/li>\n<li>alveotomija zuba (umnjaka)<\/li>\n<li>kortikotomija (u sklopu ortodontske terapije ili izvan nje)<\/li>\n<li>ugra\u0111ivanje dentalnih implantata (\u0161to mo\u017ee uklju\u010divati i podizanje dna sinusa i nadomje\u0161tanje izgubljene kosti- augmentacija)<\/li>\n<\/ul>\n<p>[\/vc_column_text][\/vc_column][\/vc_row]<\/p>\n<\/div>","protected":false},"excerpt":{"rendered":"<p>[vc_row css=&#8221;.vc_custom_1498071757055{margin-top: 20px !important;margin-bottom: 20px !important;padding-top: 20px !important;padding-bottom: 20px !important;background-color: #ffffff !important;}&#8221;][vc_column][\/vc_column][\/vc_row][vc_row css=&#8221;.vc_custom_1498071548402{padding-top: 30px !important;padding-bottom: 30px !important;background-color: #ffffff !important;}&#8221;][vc_column][vc_column_text]U suradnji sa specijalistima oralne kirurgije i implantologije izvodimo i slijede\u0107e zahvate: &nbsp; komplicirana va\u0111enja zubi apikotomija ili resekcija korijena zuba alveotomija zuba (umnjaka) kortikotomija (u sklopu ortodontske terapije ili izvan nje) ugra\u0111ivanje dentalnih implantata (\u0161to mo\u017ee [&hellip;]<\/p>\n","protected":false},"author":1,"featured_media":0,"parent":653,"menu_order":0,"comment_status":"closed","ping_status":"closed","template":"","meta":{"footnotes":""},"class_list":["post-722","page","type-page","status-publish","hentry"],"yoast_head":"<!-- This site is optimized with the Yoast SEO plugin v27.5 - https:\/\/yoast.com\/product\/yoast-seo-wordpress\/ -->\n<title>Dentalna implantologija - Poliklinika Kne\u017eevi\u0107 - Dubrovnik<\/title>\n<meta name=\"description\" content=\"Dentalna implantologija podrazumijeva rad s implantatima, nadomjescima korijena zuba koji nedostaje, a izra\u0111uju se od titana.\" \/>\n<meta name=\"robots\" content=\"index, follow, max-snippet:-1, max-image-preview:large, max-video-preview:-1\" \/>\n<link rel=\"canonical\" href=\"https:\/\/stomatoloska-poliklinika-dr-knezevic.hr\/wordpress\/usluge-poliklinike-knezevic-dubrovnik\/dentalna-implantologija\/\" \/>\n<meta property=\"og:locale\" content=\"hr_HR\" \/>\n<meta property=\"og:type\" content=\"article\" \/>\n<meta property=\"og:title\" content=\"Dentalna implantologija - Poliklinika Kne\u017eevi\u0107 - Dubrovnik\" \/>\n<meta property=\"og:description\" content=\"Dentalna implantologija podrazumijeva rad s implantatima, nadomjescima korijena zuba koji nedostaje, a izra\u0111uju se od titana.\" \/>\n<meta property=\"og:url\" content=\"https:\/\/stomatoloska-poliklinika-dr-knezevic.hr\/wordpress\/usluge-poliklinike-knezevic-dubrovnik\/dentalna-implantologija\/\" \/>\n<meta property=\"og:site_name\" content=\"Poliklinika Kne\u017eevi\u0107 - Dubrovnik\" \/>\n<meta property=\"article:modified_time\" content=\"2018-03-29T11:44:42+00:00\" \/>\n<meta name=\"twitter:card\" content=\"summary_large_image\" \/>\n<meta name=\"twitter:label1\" content=\"Procijenjeno vrijeme \u010ditanja\" \/>\n\t<meta name=\"twitter:data1\" content=\"1 minuta\" \/>\n<script type=\"application\/ld+json\" class=\"yoast-schema-graph\">{\"@context\":\"https:\\\/\\\/schema.org\",\"@graph\":[{\"@type\":\"WebPage\",\"@id\":\"https:\\\/\\\/stomatoloska-poliklinika-dr-knezevic.hr\\\/wordpress\\\/usluge-poliklinike-knezevic-dubrovnik\\\/dentalna-implantologija\\\/\",\"url\":\"https:\\\/\\\/stomatoloska-poliklinika-dr-knezevic.hr\\\/wordpress\\\/usluge-poliklinike-knezevic-dubrovnik\\\/dentalna-implantologija\\\/\",\"name\":\"Dentalna implantologija - Poliklinika Kne\u017eevi\u0107 - Dubrovnik\",\"isPartOf\":{\"@id\":\"https:\\\/\\\/stomatoloska-poliklinika-dr-knezevic.hr\\\/wordpress\\\/#website\"},\"datePublished\":\"2017-06-21T19:30:11+00:00\",\"dateModified\":\"2018-03-29T11:44:42+00:00\",\"description\":\"Dentalna implantologija podrazumijeva rad s implantatima, nadomjescima korijena zuba koji nedostaje, a izra\u0111uju se od titana.\",\"breadcrumb\":{\"@id\":\"https:\\\/\\\/stomatoloska-poliklinika-dr-knezevic.hr\\\/wordpress\\\/usluge-poliklinike-knezevic-dubrovnik\\\/dentalna-implantologija\\\/#breadcrumb\"},\"inLanguage\":\"hr\",\"potentialAction\":[{\"@type\":\"ReadAction\",\"target\":[\"https:\\\/\\\/stomatoloska-poliklinika-dr-knezevic.hr\\\/wordpress\\\/usluge-poliklinike-knezevic-dubrovnik\\\/dentalna-implantologija\\\/\"]}]},{\"@type\":\"BreadcrumbList\",\"@id\":\"https:\\\/\\\/stomatoloska-poliklinika-dr-knezevic.hr\\\/wordpress\\\/usluge-poliklinike-knezevic-dubrovnik\\\/dentalna-implantologija\\\/#breadcrumb\",\"itemListElement\":[{\"@type\":\"ListItem\",\"position\":1,\"name\":\"Home\",\"item\":\"https:\\\/\\\/stomatoloska-poliklinika-dr-knezevic.hr\\\/wordpress\\\/\"},{\"@type\":\"ListItem\",\"position\":2,\"name\":\"Stomatolo\u0161ke usluge\",\"item\":\"https:\\\/\\\/stomatoloska-poliklinika-dr-knezevic.hr\\\/wordpress\\\/usluge-poliklinike-knezevic-dubrovnik\\\/\"},{\"@type\":\"ListItem\",\"position\":3,\"name\":\"Dentalna implantologija\"}]},{\"@type\":\"WebSite\",\"@id\":\"https:\\\/\\\/stomatoloska-poliklinika-dr-knezevic.hr\\\/wordpress\\\/#website\",\"url\":\"https:\\\/\\\/stomatoloska-poliklinika-dr-knezevic.hr\\\/wordpress\\\/\",\"name\":\"Poliklinika Kne\u017eevi\u0107 - Dubrovnik\",\"description\":\"\",\"potentialAction\":[{\"@type\":\"SearchAction\",\"target\":{\"@type\":\"EntryPoint\",\"urlTemplate\":\"https:\\\/\\\/stomatoloska-poliklinika-dr-knezevic.hr\\\/wordpress\\\/?s={search_term_string}\"},\"query-input\":{\"@type\":\"PropertyValueSpecification\",\"valueRequired\":true,\"valueName\":\"search_term_string\"}}],\"inLanguage\":\"hr\"}]}<\/script>\n<!-- \/ Yoast SEO plugin. -->","yoast_head_json":{"title":"Dentalna implantologija - Poliklinika Kne\u017eevi\u0107 - Dubrovnik","description":"Dentalna implantologija podrazumijeva rad s implantatima, nadomjescima korijena zuba koji nedostaje, a izra\u0111uju se od titana.","robots":{"index":"index","follow":"follow","max-snippet":"max-snippet:-1","max-image-preview":"max-image-preview:large","max-video-preview":"max-video-preview:-1"},"canonical":"https:\/\/stomatoloska-poliklinika-dr-knezevic.hr\/wordpress\/usluge-poliklinike-knezevic-dubrovnik\/dentalna-implantologija\/","og_locale":"hr_HR","og_type":"article","og_title":"Dentalna implantologija - Poliklinika Kne\u017eevi\u0107 - Dubrovnik","og_description":"Dentalna implantologija podrazumijeva rad s implantatima, nadomjescima korijena zuba koji nedostaje, a izra\u0111uju se od titana.","og_url":"https:\/\/stomatoloska-poliklinika-dr-knezevic.hr\/wordpress\/usluge-poliklinike-knezevic-dubrovnik\/dentalna-implantologija\/","og_site_name":"Poliklinika Kne\u017eevi\u0107 - Dubrovnik","article_modified_time":"2018-03-29T11:44:42+00:00","twitter_card":"summary_large_image","twitter_misc":{"Procijenjeno vrijeme \u010ditanja":"1 minuta"},"schema":{"@context":"https:\/\/schema.org","@graph":[{"@type":"WebPage","@id":"https:\/\/stomatoloska-poliklinika-dr-knezevic.hr\/wordpress\/usluge-poliklinike-knezevic-dubrovnik\/dentalna-implantologija\/","url":"https:\/\/stomatoloska-poliklinika-dr-knezevic.hr\/wordpress\/usluge-poliklinike-knezevic-dubrovnik\/dentalna-implantologija\/","name":"Dentalna implantologija - Poliklinika Kne\u017eevi\u0107 - Dubrovnik","isPartOf":{"@id":"https:\/\/stomatoloska-poliklinika-dr-knezevic.hr\/wordpress\/#website"},"datePublished":"2017-06-21T19:30:11+00:00","dateModified":"2018-03-29T11:44:42+00:00","description":"Dentalna implantologija podrazumijeva rad s implantatima, nadomjescima korijena zuba koji nedostaje, a izra\u0111uju se od titana.","breadcrumb":{"@id":"https:\/\/stomatoloska-poliklinika-dr-knezevic.hr\/wordpress\/usluge-poliklinike-knezevic-dubrovnik\/dentalna-implantologija\/#breadcrumb"},"inLanguage":"hr","potentialAction":[{"@type":"ReadAction","target":["https:\/\/stomatoloska-poliklinika-dr-knezevic.hr\/wordpress\/usluge-poliklinike-knezevic-dubrovnik\/dentalna-implantologija\/"]}]},{"@type":"BreadcrumbList","@id":"https:\/\/stomatoloska-poliklinika-dr-knezevic.hr\/wordpress\/usluge-poliklinike-knezevic-dubrovnik\/dentalna-implantologija\/#breadcrumb","itemListElement":[{"@type":"ListItem","position":1,"name":"Home","item":"https:\/\/stomatoloska-poliklinika-dr-knezevic.hr\/wordpress\/"},{"@type":"ListItem","position":2,"name":"Stomatolo\u0161ke usluge","item":"https:\/\/stomatoloska-poliklinika-dr-knezevic.hr\/wordpress\/usluge-poliklinike-knezevic-dubrovnik\/"},{"@type":"ListItem","position":3,"name":"Dentalna implantologija"}]},{"@type":"WebSite","@id":"https:\/\/stomatoloska-poliklinika-dr-knezevic.hr\/wordpress\/#website","url":"https:\/\/stomatoloska-poliklinika-dr-knezevic.hr\/wordpress\/","name":"Poliklinika Kne\u017eevi\u0107 - Dubrovnik","description":"","potentialAction":[{"@type":"SearchAction","target":{"@type":"EntryPoint","urlTemplate":"https:\/\/stomatoloska-poliklinika-dr-knezevic.hr\/wordpress\/?s={search_term_string}"},"query-input":{"@type":"PropertyValueSpecification","valueRequired":true,"valueName":"search_term_string"}}],"inLanguage":"hr"}]}},"_links":{"self":[{"href":"https:\/\/stomatoloska-poliklinika-dr-knezevic.hr\/wordpress\/wp-json\/wp\/v2\/pages\/722","targetHints":{"allow":["GET"]}}],"collection":[{"href":"https:\/\/stomatoloska-poliklinika-dr-knezevic.hr\/wordpress\/wp-json\/wp\/v2\/pages"}],"about":[{"href":"https:\/\/stomatoloska-poliklinika-dr-knezevic.hr\/wordpress\/wp-json\/wp\/v2\/types\/page"}],"author":[{"embeddable":true,"href":"https:\/\/stomatoloska-poliklinika-dr-knezevic.hr\/wordpress\/wp-json\/wp\/v2\/users\/1"}],"replies":[{"embeddable":true,"href":"https:\/\/stomatoloska-poliklinika-dr-knezevic.hr\/wordpress\/wp-json\/wp\/v2\/comments?post=722"}],"version-history":[{"count":5,"href":"https:\/\/stomatoloska-poliklinika-dr-knezevic.hr\/wordpress\/wp-json\/wp\/v2\/pages\/722\/revisions"}],"predecessor-version":[{"id":832,"href":"https:\/\/stomatoloska-poliklinika-dr-knezevic.hr\/wordpress\/wp-json\/wp\/v2\/pages\/722\/revisions\/832"}],"up":[{"embeddable":true,"href":"https:\/\/stomatoloska-poliklinika-dr-knezevic.hr\/wordpress\/wp-json\/wp\/v2\/pages\/653"}],"wp:attachment":[{"href":"https:\/\/stomatoloska-poliklinika-dr-knezevic.hr\/wordpress\/wp-json\/wp\/v2\/media?parent=722"}],"curies":[{"name":"wp","href":"https:\/\/api.w.org\/{rel}","templated":true}]}}